17?
False
Is 27 a factor of 26622?
True
Is 20 a factor of 460?
True
Does 8 divide 32809?
False
Is 15 a factor of 2325?
True
Is 22389 a multiple of 13?
False
Is 36792 a multiple of 9?
True
Is 506 a multiple of 13?
False
Does 12 divide 1692?
True
Is 22 a factor of 110?
True
Is 131 a factor of 1525?
False
Does 34 divide 20300?
False
Is 16 a factor of 29647?
False
Is 4 a factor of 75?
False
Is 72 a factor of 4238?
False
Is 1807 a multiple of 13?
True
Does 4 divide 7?
False
Is 6200 a multiple of 155?
True
Is 9 a factor of 34290?
True
Is 20148 a multiple of 146?
True
Does 100 divide 6213?
False
Is 12658 a multiple of 232?
False
Is 7368 a multiple of 8?
True
Does 12 divide 480?
True
Is 1890 a multiple of 27?
True
Does 8 divide 268?
False
Is 4725 a multiple of 189?
True
Is 4147 a multiple of 35?
False
Does 16 divide 14170?
False
Is 219 a multiple of 7?
False
Is 51 a factor of 4575?
False
Is 370 a multiple of 30?
False
Is 1938 a multiple of 114?
True
Is 19 a factor of 3265?
False
Is 991 a multiple of 14?
False
Is 4500 a multiple of 100?
True
Does 40 divide 1659?
False
Does 24 divide 104751?
False
Is 302 a multiple of 3?
False
Does 5 divide 8280?
True
Does 13 divide 32877?
True
Is 2377 a multiple of 8?
False
Does 17 divide 2130?
False
Is 321 a multiple of 51?
False
Is 13490 a multiple of 10?
True
Is 7040 a multiple of 11?
True
Is 19 a factor of 59851?
False
Is 4262 a multiple of 37?
False
Is 20662 a multiple of 13?
False
Is 2 a factor of 512?
True
Is 2158 a multiple of 26?
True
Is 179 a multiple of 12?
False
Is 210 a multiple of 70?
True
Does 2 divide 76?
True
Is 3161 a multiple of 26?
False
Does 13 divide 126744?
False
Is 29 a factor of 1750?
False
Does 8 divide 24645?
False
Does 25 divide 693?
False
Is 18 a factor of 1188?
True
Is 7 a factor of 17196?
False
Does 21 divide 2289?
True
Is 27 a factor of 27?
True
Does 8 divide 1052?
False
Is 105 a factor of 1567?
False
Does 4 divide 1041?
False
Is 5 a factor of 1782?
False
Is 90 a factor of 13410?
True
Is 5838 a multiple of 11?
False
Is 6 a factor of 801?
False
Is 30 a factor of 109320?
True
Does 26 divide 1028?
False
Is 52 a factor of 12465?
False
Is 11 a factor of 330?
True
Is 27 a multiple of 2?
False
Is 3 a factor of 59?
False
Is 135 a multiple of 26?
False
Is 7910 a multiple of 36?
False
Is 93 a factor of 27900?
True
Is 237 a factor of 5056?
False
Does 21 divide 3024?
True
Does 24 divide 601?
False
Does 104 divide 11856?
True
Is 13254 a multiple of 47?
True
Is 106 a factor of 5618?
True
Is 22143 a multiple of 61?
True
Does 91 divide 41132?
True
Does 4 divide 172?
True
Does 63 divide 1260?
True
Is 22 a factor of 80476?
True
Does 24 divide 130071?
False
Is 28 a factor of 315?
False
Is 29808 a multiple of 276?
True
Is 12 a factor of 6075?
False
Is 7330 a multiple of 115?
False
Is 16 a factor of 624?
True
Is 33 a factor of 1089?
True
Does 36 divide 3096?
True
Is 4270 a multiple of 14?
True
Is 888 a multiple of 37?
True
Is 4409 a multiple of 6?
False
Is 198 a multiple of 5?
False
Is 7 a factor of 13609?
False
Is 20 a factor of 37360?
True
Does 18 divide 28890?
True
Does 14 divide 277?
False
Does 92 divide 13984?
True
Is 26 a factor of 7320?
False
Is 24315 a multiple of 15?
True
Is 4530 a multiple of 15?
True
Is 36 a multiple of 3?
True
Is 86 a factor of 2927?
False
Is 103 a factor of 42695?
False
Does 63 divide 882?
True
Is 3 a factor of 6658?
False
Is 3 a factor of 1488?
True
Is 12185 a multiple of 56?
False
Does 4 divide 64?
True
Is 720 a multiple of 16?
True
Is 19 a factor of 2945?
True
Does 29 divide 406?
True
Does 220 divide 9691?
False
Does 48 divide 50544?
True
Does 72 divide 792?
True
Does 11 divide 2132?
False
Is 155 a factor of 15652?
False
Does 14 divide 28?
True
Does 27 divide 2967?
False
Is 55190 a multiple of 23?
False
Is 5 a factor of 2200?
True
Does 31 divide 61?
False
Does 2 divide 2274?
True
Is 118 a factor of 21712?
True
Is 28 a factor of 3528?
True
Is 14 a factor of 672?
True
Is 324 a multiple of 3?
True
Is 11 a factor of 24831?
False
Does 17 divide 3946?
False
Is 17640 a multiple of 2?
True
Does 99 divide 861?
False
Is 25 a factor of 80?
False
Is 39 a factor of 17238?
True
Is 34 a factor of 3401?
False
Does 18 divide 12294?
True
Is 74026 a multiple of 47?
False
Is 147 a factor of 13965?
True
Is 21 a factor of 24027?
False
Is 36 a factor of 6870?
False
Does 23 divide 1395?
False
Is 10 a factor of 12190?
True
Is 18 a factor of 2762?
False
Does 14 divide 196?
True
Is 87673 a multiple of 54?
False
Is 25 a factor of 925?
True
Is 621 a multiple of 23?
True
Does 18 divide 9400?
False
Is 3072 a multiple of 16?
True
Is 72 a factor of 936?
True
Is 82 a factor of 68306?
True
Does 16 divide 2569?
False
Is 16 a factor of 776?
False
Does 37 divide 518?
True
Does 5 divide 5285?
True
Does 20 divide 1167?
False
Does 44 divide 44503?
False
Is 37 a factor of 6328?
False
Is 30 a factor of 34200?
True
Is 123 a factor of 65928?
True
Does 7 divide 24871?
True
Is 55 a factor of 29213?
False
Does 97 divide 632?
False
Does 2 divide 14538?
True
Is 44185 a multiple of 41?
False
Is 104 a factor of 831?
False
Does 15 divide 60?
True
Is 2217 a multiple of 66?
False
Does 5 divide 10?
True
Does 14 divide 609?
False
Does 19 divide 9398?
False
Does 27 divide 1022?
False
Does 12 divide 60216?
True
Does 17 divide 3655?
True
Does 111 divide 2553?
True
Is 99 a multiple of 28?
False
Is 6 a factor of 312?
True
Is 127 a multiple of 8?
False
Does 24 divide 30096?
True
Does 323 divide 6137?
True
Does 50 divide 800?
True
Does 4 divide 9796?
True
Does 23 divide 6417?
True
Is 1979 a multiple of 65?
False
Is 18633 a multiple of 124?
False
Does 36 divide 3762?
False
Does 61 divide 3355?
True
Is 96250 a multiple of 28?
False
Is 45 a multiple of 14?
False
Is 34556 a multiple of 196?
False
Does 43 divide 323?
False
Is 28 a factor of 61292?
True
Does 11 divide 165?
True
Is 3380 a multiple of 52?
True
Is 4 a factor of 1540?
True
Does 6 divide 542?
False
Does 4 divide 388?
True
Is 26 a factor of 1560?
True
Does 13 divide 1664?
True
Is 112 a factor of 224?
True
Does 117 divide 3042?
True
Is 801 a multiple of 64?
False
Does 26 divide 4585?
False
Is 110 a factor of 366?
False
Does 48 divide 12672?
True
Is 2898 a multiple of 21?
True
Is 183 a factor of 36783?
True
Does 24 divide 19032?
True
Is 15 a factor of 386?
False
Is 8579 a multiple of 88?
False
Is 80 a factor of 2866?
False
Is 178 a factor of 9790?
True
Does 11 divide 6611?
True
Does 23 divide 41612?
False
Is 70 a factor of 70?
True
Is 9 a factor of 783?
True
Does 130 divide 13780?
True
Does 121 divide 20963?
False
Is 9 a factor of 103742?
False
Is 1655 a multiple of 6?
False
Is 387 even?
False
Does 30 divide 360?
True
Is 43 a multiple of 10?
False
Is 124 a multiple of 2?
True
Is 17 a factor of 67514?
False
Is 16 a factor of 46705?
False
Is 300 a multiple of 20?
True
Does 36 divide 144?
True
Is 11414 a multiple of 10?
False
Is 488 a multiple of 37?
False
Is 14 a factor of 7704?
False
Does 267 divide 67576?
False
Is 21 a factor of 7455?
True
Does 35 divide 32655?
True
Is 19 a factor of 80516?
False
Is 13 a factor of 1888?
False
Is 9 a factor of 332?
False
Is 152 a factor of 43320?
True
Is 3591 a multiple of 26?
False
Is 92 a factor of 2484?
True
Is 972 a multiple of 21?
False
Is 25 a factor of 4025?
True
Does 14 divide 126?
True
Is 28056 a multiple of 84?
True
Does 11 divide 433?
False
Is 4601 a multiple of 11?
False
Does 29 divide 53191?
False
Does 134 divide 1579?
False
Is 366 a multiple of 3?
True
Does 8 divide 84?
False
Is 51 a factor of 663?
True
Does 45 divide 2542?
False
Is 1125 a multiple of 9?
True
Does 24 divide 9312?
True
Is 715 a multiple of 13?
True
Is 461 a multiple of 16?
False
Is 95 a factor of 570?
True
Does 30 divide 9590?
False
Is 10 a factor of 4220?
True
Is 3745 a multiple of 7?
True
Is 7608 a multiple of 85?
False
Is 12 a factor of 7056?
True
Is 100 a factor of 900?
True
Is 1248 a multiple of 104?
True
Does 43 divide 39599?
False
Is 389 a multiple of 4?
False
Is 1722 a multiple of 21?
True
Is 561 a multiple of 33?
True
Is 17 a factor of 114?
False
Is 130 a multiple of 5?
True
Does 47 divide 799?
True
Is 31 a factor of 7378?
True
Does 13 divide 3316?
False
Does 61 divide 6588?
True
Does 12 divide 1992?
True
Is 1416 a multiple of 12?
True
Is 6 a factor of 153?
Fa